usands digit of 26250?
2
What is the thousands digit of 4822?
4
What is the hundreds digit of 1122?
1
What is the units digit of 404?
4
What is the tens digit of 56309?
0
What is the thousands digit of 1131?
1
What is the units digit of 513?
3
What is the thousands digit of 5094?
5
What is the units digit of 37909?
9
What is the thousands digit of 2527?
2
What is the tens digit of 1312?
1
What is the thousands digit of 1872?
1
What is the hundreds digit of 12452?
4
What is the hundreds digit of 871?
8
What is the hundreds digit of 1266?
2
What is the ten thousands digit of 30958?
3
What is the units digit of 3813?
3
What is the tens digit of 69622?
2
What is the thousands digit of 28557?
8
What is the tens digit of 535?
3
What is the hundreds digit of 51777?
7
What is the units digit of 942?
2
What is the units digit of 723?
3
What is the ten thousands digit of 52409?
5
What is the ten thousands digit of 17735?
1
What is the tens digit of 49171?
7
What is the units digit of 6274?
4
What is the units digit of 222?
2
What is the tens digit of 2583?
8
What is the units digit of 3807?
7
What is the hundreds digit of 1264?
2
What is the tens digit of 7356?
5
What is the thousands digit of 1660?
1
What is the units digit of 3240?
0
What is the tens digit of 4290?
9
What is the tens digit of 11577?
7
What is the tens digit of 26116?
1
What is the ten thousands digit of 34702?
3
What is the thousands digit of 85790?
5
What is the tens digit of 78879?
7
What is the tens digit of 7877?
7
What is the tens digit of 8525?
2
What is the thousands digit of 5053?
5
What is the tens digit of 5180?
8
What is the thousands digit of 63725?
3
What is the units digit of 972?
2
What is the ten thousands digit of 92979?
9
What is the thousands digit of 36181?
6
What is the tens digit of 954?
5
What is the thousands digit of 26026?
6
What is the tens digit of 931?
3
What is the ten thousands digit of 18205?
1
What is the hundreds digit of 4305?
3
What is the tens digit of 139582?
8
What is the ten thousands digit of 30526?
3
What is the units digit of 8969?
9
What is the units digit of 3839?
9
What is the units digit of 1215?
5
What is the tens digit of 2328?
2
What is the hundreds digit of 5112?
1
What is the hundreds digit of 421?
4
What is the units digit of 568?
8
What is the thousands digit of 3021?
3
What is the units digit of 74213?
3
What is the units digit of 2135?
5
What is the tens digit of 2503?
0
What is the tens digit of 8173?
7
What is the units digit of 14862?
2
What is the hundreds digit of 12364?
3
What is the thousands digit of 3155?
3
What is the hundreds digit of 31269?
2
What is the tens digit of 72?
7
What is the tens digit of 14304?
0
What is the hundreds digit of 59111?
1
What is the units digit of 32471?
1
What is the hundreds digit of 1139?
1
What is the units digit of 1199?
9
What is the hundreds digit of 2656?
6
What is the units digit of 37477?
7
What is the thousands digit of 1727?
1
What is the hundreds digit of 5470?
4
What is the tens digit of 18781?
8
What is the thousands digit of 17581?
7
What is the tens digit of 6831?
3
What is the ten thousands digit of 98924?
9
What is the thousands digit of 28703?
8
What is the units digit of 28513?
3
What is the tens digit of 44402?
0
What is the thousands digit of 3510?
3
What is the tens digit of 50984?
8
What is the hundreds digit of 25864?
8
What is the hundreds digit of 19021?
0
What is the hundreds digit of 17730?
7
What is the tens digit of 5422?
2
What is the tens digit of 38988?
8
What is the hundreds digit of 4489?
4
What is the tens digit of 35792?
9
What is the hundreds digit of 59050?
0
What is the ten thousands digit of 147589?
4
What is the units digit of 371?
1
What is the hundreds digit of 472?
4
What is the hundreds digit of 3318?
3
What is the hundreds digit of 9172?
1
What is the hundreds digit of 2616?
6
What is the thousands digit of 1048?
1
What is the units digit of 2186?
6
What is the hundreds digit of 627?
6
What is the hundreds digit of 31374?
3
What is the units digit of 6174?
4
What is the ten thousands digit of 10147?
1
What is the hundreds digit of 2786?
7
What is the tens digit of 10634?
3
What is the thousands digit of 3290?
3
What is the hundreds digit of 4297?
2
What is the units digit of 5849?
9
What is the hundreds digit of 50061?
0
What is the hundreds digit of 12778?
7
What is the thousands digit of 5504?
5
What is the hundreds digit of 4608?
6
What is the tens digit of 183?
8
What is the tens digit of 668?
6
What is the thousands digit of 15850?
5
What is the tens digit of 25337?
3
What is the hundreds digit of 232?
2
What is the tens digit of 3471?
7
What is the hundred thousands digit of 167216?
1
What is the hundreds digit of 303?
3
What is the hundreds digit of 890?
8
What is the hundreds digit of 2718?
7
What is the tens digit of 8766?
6
What is the hundreds digit of 62939?
9
What is the hundreds digit of 127930?
9
What is the thousands digit of 113482?
3
What is the hundreds digit of 60704?
7
What is the hundreds digit of 5589?
5
What is the tens digit of 1082?
8
What is the hundreds digit of 18767?
7
What is the tens digit of 1068?
6
What is the thousands digit of 10987?
0
What is the ten thousands digit of 62981?
6
What is the hundreds digit of 295?
2
What is the units digit of 715?
5
What is the hundreds digit of 148847?
8
What is the units digit of 984?
4
What is the tens digit of 16382?
8
What is the units digit of 88?
8
What is the units digit of 571?
1
What is the units digit of 773?
3
What is the hundreds digit of 5288?
2
What is the units digit of 4563?
3
What is the hundreds digit of 720?
7
What is the hundreds digit of 15797?
7
What is the tens digit of 564?
6
What is the thousands digit of 5137?
5
What is the ten thousands digit of 29588?
2
What is the hundreds digit of 3496?
4
What is the thousands digit of 5768?
5
What is the tens digit of 403?
0
What is the units digit of 16610?
0
What is the units digit of 1878?
8
What is the thousands digit of 1149?
1
What is the tens digit of 132?
3
What is the units digit of 5197?
7
What is the thousands digit of 38184?
8
What is the hundreds digit of 292?
2
What is the units digit of 1484?
4
What is the tens digit of 12926?
2
What is the thousands digit of 12772?
2
What is the thousands digit of 2684?
2
What is the tens digit of 16473?
7
What is the hundreds digit of 787?
7
What is the tens digit of 1824?
2
What is the tens digit of 13266?
6
What is the tens digit of 412?
1
What is the hundreds digit of 2710?
7
What is the hundreds digit of 403?
4
What is the units digit of 1392?
2
What is the tens digit of 1087?
8
What is the ten thousands digit of 21744?
2
What is the tens digit of 18762?
6
What is the hundreds digit of 3615?
6
What is the hundreds digit of 3435?
4
What is the tens digit of 3662?
6
What is the thousands digit of 31483?
1
What is the tens digit of 1169?
6
What is the thousands digit of 5325?
5
What is the hundreds digit of 1471?
4
What is the tens digit of 11510?
1
What is the units digit of 3751?
1
What is the thousands digit of 10032?
0
What is the thousands digit of 1220?
1
What is the thousands digit of 22517?
2
What is the hundreds digit of 11557?
5
What is the units digit of 53208?
8
What is the units digit of 8651?
1
What is the tens digit of 80?
8
What is the tens digit of 1682?
8
What is the hundreds digit of 569?
5
What is the units digit of 9981?
1
What is the hundreds digit of 10356?
3
What is the thousands digit of 11800?
1
What is the hundreds digit of 3160?
1
What is the hundreds digit of 14928?
9
What is the ten thousands digit of 17573?
1
What is the units digit of 993?
3
What is the units digit of 36899?
9
What is the tens digit of 914?
1
What is the tens digit of 20741?
4
What is the units digit of 3138?
8
What is the thousands digit of 17916?
7
What is the ten thousands digit of 77333?
7
What is the units digit of 344?
4
What is the tens digit of 712?
1
What is the tens digit of 5658?
5
What is the units digit of 2?
2
What is the tens digit of 1126?
2
What is the units digit of 477?
7
What is the ten thousands digit of 69375?
6
What is the units digit of 1026?
6
What is the tens digit of 441?
4
What is the hundreds digit of 358?
3
What is the hundreds 